{"id":35,"date":"2024-10-19T17:55:27","date_gmt":"2024-10-19T17:55:27","guid":{"rendered":"https:\/\/cocukkilidi.net\/?page_id=35"},"modified":"2024-11-24T12:59:57","modified_gmt":"2024-11-24T12:59:57","slug":"35-2","status":"publish","type":"page","link":"https:\/\/cocukkilidi.net\/?page_id=35","title":{"rendered":"t\u00fcrler"},"content":{"rendered":"\n<div class=\"wp-block-group alignfull has-background has-global-padding is-layout-constrained wp-container-core-group-is-layout-669513ed wp-block-group-is-layout-constrained\" style=\"background:linear-gradient(145deg,rgb(0,195,255) 0%,rgb(255,255,255) 16%,rgb(60,237,250) 100%);margin-top:0;margin-bottom:0;padding-top:var(--wp--preset--spacing--50);padding-right:var(--wp--preset--spacing--50);padding-bottom:var(--wp--preset--spacing--50);padding-left:var(--wp--preset--spacing--50)\">\n<div class=\"wp-block-columns alignwide is-layout-flex wp-container-core-columns-is-layout-1da03c2a wp-block-columns-is-layout-flex\">\n<div class=\"wp-block-column is-vertically-aligned-stretch is-layout-flow wp-block-column-is-layout-flow\" style=\"flex-basis:50%\">\n<div class=\"wp-block-group is-vertical is-content-justification-stretch is-layout-flex wp-container-core-group-is-layout-444d5ee8 wp-block-group-is-layout-flex\" style=\"min-height:100%\">\n<p><\/p>\n\n\n\n<p class=\"has-text-align-center\"><strong>Yataktan d\u00fc\u015fme riskini azaltmak:<\/strong> Evokids&#8217;in yatak bariyerleri sayesinde \u00e7ocu\u011funuz gece uykusunda yataktan d\u00fc\u015fme riskini azaltabilirsiniz.<\/p>\n\n\n\n<div class=\"wp-block-group has-global-padding is-content-justification-left is-layout-constrained wp-container-core-group-is-layout-9fe8ed88 wp-block-group-is-layout-constrained\">\n<div class=\"wp-block-buttons is-layout-flex wp-block-buttons-is-layout-flex\">\n<div class=\"wp-block-button\"><a class=\"wp-block-button__link wp-element-button\">Hakk\u0131m\u0131zda<\/a><\/div>\n<\/div>\n<\/div>\n<\/div>\n<\/div>\n\n\n\n<div class=\"wp-block-column is-vertically-aligned-center is-layout-flow wp-block-column-is-layout-flow\" style=\"flex-basis:50%\">\n<figure class=\"wp-block-image aligncenter size-full is-resized\"><img loading=\"lazy\" decoding=\"async\" width=\"400\" height=\"345\" src=\"https:\/\/cocukkilidi.net\/wp-content\/uploads\/2024\/10\/evokids-panda-katlanabilir-cocuk-yatak-bariyeri-140x52-cm-yatak-bariyerleri-evokids-11631-61-O.jpg\" alt=\"\" class=\"wp-image-37\" style=\"width:338px;height:auto\" srcset=\"https:\/\/cocukkilidi.net\/wp-content\/uploads\/2024\/10\/evokids-panda-katlanabilir-cocuk-yatak-bariyeri-140x52-cm-yatak-bariyerleri-evokids-11631-61-O.jpg 400w, https:\/\/cocukkilidi.net\/wp-content\/uploads\/2024\/10\/evokids-panda-katlanabilir-cocuk-yatak-bariyeri-140x52-cm-yatak-bariyerleri-evokids-11631-61-O-300x259.jpg 300w\" sizes=\"auto, (max-width: 400px) 100vw, 400px\" \/><\/figure>\n<\/div>\n<\/div>\n<\/div>\n\n\n\n<div class=\"wp-block-group alignfull has-base-background-color has-background has-global-padding is-layout-constrained wp-container-core-group-is-layout-d89aad35 wp-block-group-is-layout-constrained\" style=\"margin-top:0;margin-bottom:0;padding-top:var(--wp--preset--spacing--50);padding-right:var(--wp--preset--spacing--50);padding-bottom:var(--wp--preset--spacing--50);padding-left:var(--wp--preset--spacing--50)\">\n<div class=\"wp-block-columns alignwide is-layout-flex wp-container-core-columns-is-layout-549b0c86 wp-block-columns-is-layout-flex\">\n<div class=\"wp-block-column has-global-padding is-content-justification-left is-layout-constrained wp-container-core-column-is-layout-4f15e8fe wp-block-column-is-layout-constrained\" style=\"flex-basis:40%\">\n<p><\/p>\n\n\n\n<figure class=\"wp-block-image alignleft size-full\"><img loading=\"lazy\" decoding=\"async\" width=\"400\" height=\"400\" src=\"https:\/\/cocukkilidi.net\/wp-content\/uploads\/2024\/10\/evokids-extra-kilitli-guvenlik-bilekligi-celik-uclu-mavi-6500-cocuk-kilidi-evokids-11977-65-O.jpg\" alt=\"\" class=\"wp-image-38\" srcset=\"https:\/\/cocukkilidi.net\/wp-content\/uploads\/2024\/10\/evokids-extra-kilitli-guvenlik-bilekligi-celik-uclu-mavi-6500-cocuk-kilidi-evokids-11977-65-O.jpg 400w, https:\/\/cocukkilidi.net\/wp-content\/uploads\/2024\/10\/evokids-extra-kilitli-guvenlik-bilekligi-celik-uclu-mavi-6500-cocuk-kilidi-evokids-11977-65-O-300x300.jpg 300w, https:\/\/cocukkilidi.net\/wp-content\/uploads\/2024\/10\/evokids-extra-kilitli-guvenlik-bilekligi-celik-uclu-mavi-6500-cocuk-kilidi-evokids-11977-65-O-150x150.jpg 150w\" sizes=\"auto, (max-width: 400px) 100vw, 400px\" \/><\/figure>\n<\/div>\n\n\n\n<div class=\"wp-block-column is-vertically-aligned-center is-layout-flow wp-container-core-column-is-layout-119bc444 wp-block-column-is-layout-flow\" style=\"flex-basis:60%\">\n<p class=\"has-text-align-center\">Evokids \u00fcr\u00fcnleri, \u00e7ocu\u011funuzun hareket \u00f6zg\u00fcrl\u00fc\u011f\u00fcn\u00fc k\u0131s\u0131tlamadan g\u00fcvenli\u011fini sa\u011flamak i\u00e7in tasarlanm\u0131\u015ft\u0131r.<\/p>\n<\/div>\n<\/div>\n<\/div>\n\n\n\n<div class=\"wp-block-group alignfull has-background has-global-padding is-layout-constrained wp-container-core-group-is-layout-d89aad35 wp-block-group-is-layout-constrained\" style=\"background:linear-gradient(111deg,rgb(255,255,255) 0%,rgb(244,210,210) 0%,rgba(218,176,255,0) 100%);margin-top:0;margin-bottom:0;padding-top:var(--wp--preset--spacing--50);padding-right:var(--wp--preset--spacing--50);padding-bottom:var(--wp--preset--spacing--50);padding-left:var(--wp--preset--spacing--50)\">\n<div class=\"wp-block-columns alignwide is-layout-flex wp-container-core-columns-is-layout-1da03c2a wp-block-columns-is-layout-flex\">\n<div class=\"wp-block-column is-layout-flow wp-block-column-is-layout-flow\" style=\"flex-basis:40%\">\n<h2 class=\"wp-block-heading\"><strong>EvoKids \u00fcr\u00fcnleri neden tercih edilmeli?<\/strong><\/h2>\n\n\n\n<p><\/p>\n\n\n\n<ul class=\"wp-block-list\">\n<li><strong>G\u00fcvenlik:<\/strong> Evokids \u00fcr\u00fcnleri, \u00e7ocuk g\u00fcvenli\u011fi standartlar\u0131na uygun olarak \u00fcretilmi\u015ftir.<\/li>\n\n\n\n<li><strong>Kalite:<\/strong> Dayan\u0131kl\u0131 ve uzun \u00f6m\u00fcrl\u00fc malzemelerden \u00fcretilmi\u015ftir.<\/li>\n\n\n\n<li><strong>Kolay kullan\u0131m:<\/strong> Kurulumu ve kullan\u0131m\u0131 olduk\u00e7a kolayd\u0131r.<\/li>\n\n\n\n<li><strong>\u00c7e\u015fitlilik:<\/strong> Bebek ve \u00e7ocuklar\u0131n farkl\u0131 ihtiya\u00e7lar\u0131na y\u00f6nelik geni\u015f \u00fcr\u00fcn yelpazesi sunar.<\/li>\n<\/ul>\n\n\n\n<div class=\"wp-block-buttons is-layout-flex wp-block-buttons-is-layout-flex\">\n<div class=\"wp-block-button is-style-fill\"><a class=\"wp-block-button__link wp-element-button\">Hizmetlerimiz<\/a><\/div>\n<\/div>\n<\/div>\n\n\n\n<div class=\"wp-block-column is-vertically-aligned-center is-layout-flow wp-block-column-is-layout-flow\" style=\"flex-basis:60%\">\n<div class=\"wp-block-group has-global-padding is-layout-constrained wp-block-group-is-layout-constrained\">\n<div class=\"wp-block-media-text has-media-on-the-right is-stacked-on-mobile is-vertically-aligned-center is-style-rounded\" style=\"grid-template-columns:auto 54%\"><div class=\"wp-block-media-text__content\">\n<p><\/p>\n<\/div><figure class=\"wp-block-media-text__media\"><img loading=\"lazy\" decoding=\"async\" width=\"250\" height=\"100\" src=\"https:\/\/cocukkilidi.net\/wp-content\/uploads\/2024\/10\/bebeksehri_logo_imza3.png\" alt=\"\" class=\"wp-image-40 size-full\"\/><\/figure><\/div>\n<\/div>\n<\/div>\n<\/div>\n<\/div>\n\n\n\n<div class=\"wp-block-group alignfull has-base-color has-text-color has-background has-link-color wp-elements-4f6c7cec4cc1eb82f3d7f43aa464597e has-global-padding is-layout-constrained wp-container-core-group-is-layout-d89aad35 wp-block-group-is-layout-constrained\" style=\"background-color:#3d004e;margin-top:0;margin-bottom:0;padding-top:var(--wp--preset--spacing--50);padding-right:var(--wp--preset--spacing--50);padding-bottom:var(--wp--preset--spacing--50);padding-left:var(--wp--preset--spacing--50)\">\n<div class=\"wp-block-group alignwide is-layout-flow wp-block-group-is-layout-flow\">\n<hr class=\"wp-block-separator has-text-color has-base-color has-alpha-channel-opacity has-base-background-color has-background is-style-wide\" style=\"margin-top:var(--wp--preset--spacing--30);margin-bottom:var(--wp--preset--spacing--30)\"\/>\n\n\n\n<p class=\"has-contrast-1-color has-text-color has-link-color wp-elements-bbcf58d1e8a21ebc7ce53af2b1ac7cdf\">Anne, bebek ve \u00e7ocuk&nbsp;\u00fcr\u00fcnleri online sat\u0131\u015f ma\u011fazas\u0131d\u0131r. Bebek \u015eehri 2013 Y\u0131l\u0131nda faaliyetine ba\u015flam\u0131\u015ft\u0131r. Sat\u0131\u015f\u0131 yap\u0131lan t\u00fcm \u00fcr\u00fcnler, Bebek \u015eehri&#8217;nin kendi ger\u00e7ek sto\u011fudur.<\/p>\n\n\n\n<hr class=\"wp-block-separator has-text-color has-base-color has-alpha-channel-opacity has-base-background-color has-background is-style-wide\" style=\"margin-top:var(--wp--preset--spacing--30);margin-bottom:var(--wp--preset--spacing--30)\"\/>\n\n\n\n<p class=\"has-contrast-1-color has-text-color has-link-color wp-elements-da485ee3ec8ad593ef600afae4cf9fd6\">Bu nedenle Bebek \u015eehri ayn\u0131 g\u00fcn kargolama yapabilmekte ve buna ba\u011fl\u0131 olarak \u00fcr\u00fcnler sat\u0131n alma a\u015famas\u0131ndan kargolama a\u015famas\u0131na kadar kalite kontrolleri titizlikle yapabilmektedir.<\/p>\n\n\n\n<hr class=\"wp-block-separator has-text-color has-base-color has-alpha-channel-opacity has-base-background-color has-background is-style-wide\" style=\"margin-top:var(--wp--preset--spacing--30);margin-bottom:var(--wp--preset--spacing--30)\"\/>\n\n\n\n<p class=\"has-contrast-1-color has-text-color has-link-color wp-elements-2b88dcb4be2e79a9a2d76f6bdc005cc9\">Bebek \u015eehri, sat\u0131\u015f\u0131n\u0131 yapt\u0131\u011f\u0131 \u00fcr\u00fcnleri mutlak suretle direkt olarak ithalat\u00e7\u0131s\u0131ndan veya \u00fcreticisinden tedarik eder. Bu sebeple&nbsp;\u00fcr\u00fcnler garantili ve %100 orjinaldir. Bebeksehri.com&#8217;da t\u00fcm ebeveynler endi\u015fe duymadan al\u0131\u015fveri\u015f yaparak sorunsuz ve&nbsp;h\u0131zl\u0131 al\u0131\u015fveri\u015fin keyfini ya\u015farlar.<\/p>\n\n\n\n<hr class=\"wp-block-separator has-text-color has-base-color has-alpha-channel-opacity has-base-background-color has-background is-style-wide\" style=\"margin-top:var(--wp--preset--spacing--30);margin-bottom:var(--wp--preset--spacing--30)\"\/>\n\n\n\n<div style=\"margin-top:var(--wp--preset--spacing--10);margin-bottom:0;height:0px\" aria-hidden=\"true\" class=\"wp-block-spacer\"><\/div>\n<\/div>\n<\/div>\n\n\n\n<div class=\"wp-block-group alignfull has-background has-global-padding is-layout-constrained wp-container-core-group-is-layout-669513ed wp-block-group-is-layout-constrained\" style=\"background-color:#00ffee;margin-top:0;margin-bottom:0;padding-top:var(--wp--preset--spacing--50);padding-right:var(--wp--preset--spacing--50);padding-bottom:var(--wp--preset--spacing--50);padding-left:var(--wp--preset--spacing--50)\">\n<div class=\"wp-block-group is-vertical is-content-justification-center is-layout-flex wp-container-core-group-is-layout-ce155fab wp-block-group-is-layout-flex\">\n<h2 class=\"wp-block-heading has-text-align-center has-xx-large-font-size\">Hangi Sosyal Medya Platformlar\u0131nda Var\u0131z?<\/h2>\n\n\n\n<p class=\"has-text-align-center\"><\/p>\n<\/div>\n\n\n\n<div style=\"height:var(--wp--preset--spacing--30)\" aria-hidden=\"true\" class=\"wp-block-spacer\"><\/div>\n\n\n\n<div class=\"wp-block-columns alignwide is-layout-flex wp-container-core-columns-is-layout-4935966c wp-block-columns-is-layout-flex\" style=\"padding-right:0;padding-left:0\">\n<div class=\"wp-block-column is-layout-flow wp-block-column-is-layout-flow\">\n<div class=\"wp-block-group is-vertical is-content-justification-center is-nowrap is-layout-flex wp-container-core-group-is-layout-21d4e958 wp-block-group-is-layout-flex\"><\/div>\n<\/div>\n\n\n\n<div class=\"wp-block-column is-layout-flow wp-block-column-is-layout-flow\">\n<figure class=\"wp-block-image size-full is-style-rounded is-style-rounded--1\"><img loading=\"lazy\" decoding=\"async\" width=\"960\" height=\"960\" src=\"https:\/\/cocukkilidi.net\/wp-content\/uploads\/2024\/10\/Facebook_logo_square-1.png\" alt=\"\" class=\"wp-image-42\" style=\"aspect-ratio:1;object-fit:cover\" srcset=\"https:\/\/cocukkilidi.net\/wp-content\/uploads\/2024\/10\/Facebook_logo_square-1.png 960w, https:\/\/cocukkilidi.net\/wp-content\/uploads\/2024\/10\/Facebook_logo_square-1-300x300.png 300w, https:\/\/cocukkilidi.net\/wp-content\/uploads\/2024\/10\/Facebook_logo_square-1-150x150.png 150w, https:\/\/cocukkilidi.net\/wp-content\/uploads\/2024\/10\/Facebook_logo_square-1-768x768.png 768w\" sizes=\"auto, (max-width: 960px) 100vw, 960px\" \/><\/figure>\n\n\n\n<div class=\"wp-block-group is-vertical is-content-justification-center is-nowrap is-layout-flex wp-container-core-group-is-layout-63bfd6c1 wp-block-group-is-layout-flex\">\n<p class=\"has-text-align-center has-small-font-size\">FaceBook<\/p>\n<\/div>\n<\/div>\n\n\n\n<div class=\"wp-block-column is-layout-flow wp-block-column-is-layout-flow\">\n<figure class=\"wp-block-image size-full is-style-rounded is-style-rounded--2\"><img loading=\"lazy\" decoding=\"async\" width=\"600\" height=\"600\" src=\"https:\/\/cocukkilidi.net\/wp-content\/uploads\/2024\/10\/Instagram_logo_2022.svg_.png\" alt=\"\" class=\"wp-image-43\" style=\"aspect-ratio:1;object-fit:cover\" srcset=\"https:\/\/cocukkilidi.net\/wp-content\/uploads\/2024\/10\/Instagram_logo_2022.svg_.png 600w, https:\/\/cocukkilidi.net\/wp-content\/uploads\/2024\/10\/Instagram_logo_2022.svg_-300x300.png 300w, https:\/\/cocukkilidi.net\/wp-content\/uploads\/2024\/10\/Instagram_logo_2022.svg_-150x150.png 150w\" sizes=\"auto, (max-width: 600px) 100vw, 600px\" \/><\/figure>\n\n\n\n<p class=\"has-text-align-center has-small-font-size\">\u0130nstagram<\/p>\n\n\n\n<p class=\"has-text-align-center has-small-font-size\"><\/p>\n<\/div>\n\n\n\n<div class=\"wp-block-column is-layout-flow wp-block-column-is-layout-flow\">\n<figure class=\"wp-block-image size-full is-style-rounded is-style-rounded--3\"><img loading=\"lazy\" decoding=\"async\" width=\"2272\" height=\"1704\" src=\"https:\/\/cocukkilidi.net\/wp-content\/uploads\/2024\/10\/youtube-logo-hd-8.png\" alt=\"\" class=\"wp-image-44\" style=\"aspect-ratio:1;object-fit:cover\" srcset=\"https:\/\/cocukkilidi.net\/wp-content\/uploads\/2024\/10\/youtube-logo-hd-8.png 2272w, https:\/\/cocukkilidi.net\/wp-content\/uploads\/2024\/10\/youtube-logo-hd-8-300x225.png 300w, https:\/\/cocukkilidi.net\/wp-content\/uploads\/2024\/10\/youtube-logo-hd-8-1024x768.png 1024w, https:\/\/cocukkilidi.net\/wp-content\/uploads\/2024\/10\/youtube-logo-hd-8-768x576.png 768w, https:\/\/cocukkilidi.net\/wp-content\/uploads\/2024\/10\/youtube-logo-hd-8-1536x1152.png 1536w, https:\/\/cocukkilidi.net\/wp-content\/uploads\/2024\/10\/youtube-logo-hd-8-2048x1536.png 2048w\" sizes=\"auto, (max-width: 2272px) 100vw, 2272px\" \/><\/figure>\n\n\n\n<div class=\"wp-block-group is-vertical is-content-justification-center is-nowrap is-layout-flex wp-container-core-group-is-layout-63bfd6c1 wp-block-group-is-layout-flex\">\n<p class=\"has-text-align-center has-small-font-size\">YouTube<\/p>\n\n\n\n<p class=\"has-text-align-center has-small-font-size\"><\/p>\n<\/div>\n<\/div>\n\n\n\n<div class=\"wp-block-column is-layout-flow wp-block-column-is-layout-flow\"><\/div>\n<\/div>\n<\/div>\n\n\n\n<!--nextpage-->\n\n\n\n<p><\/p>\n","protected":false},"excerpt":{"rendered":"<p>Yataktan d\u00fc\u015fme riskini azaltmak: Evokids&#8217;in yatak bariyerleri sayesinde \u00e7ocu\u011funuz gece uykusunda yataktan d\u00fc\u015fme riskini azaltabilirsiniz. Evokids \u00fcr\u00fcnleri, \u00e7ocu\u011funuzun hareket \u00f6zg\u00fcrl\u00fc\u011f\u00fcn\u00fc k\u0131s\u0131tlamadan g\u00fcvenli\u011fini sa\u011flamak i\u00e7in tasarlanm\u0131\u015ft\u0131r. EvoKids \u00fcr\u00fcnleri neden tercih edilmeli? Anne, bebek ve \u00e7ocuk&nbsp;\u00fcr\u00fcnleri online sat\u0131\u015f ma\u011fazas\u0131d\u0131r. Bebek \u015eehri 2013 Y\u0131l\u0131nda faaliyetine ba\u015flam\u0131\u015ft\u0131r. Sat\u0131\u015f\u0131 yap\u0131lan t\u00fcm \u00fcr\u00fcnler, Bebek \u015eehri&#8217;nin kendi ger\u00e7ek sto\u011fudur. Bu nedenle Bebek [&hellip;]<\/p>\n","protected":false},"author":1,"featured_media":0,"parent":23,"menu_order":3,"comment_status":"closed","ping_status":"closed","template":"","meta":{"footnotes":""},"class_list":["post-35","page","type-page","status-publish","hentry"],"_links":{"self":[{"href":"https:\/\/cocukkilidi.net\/index.php?rest_route=\/wp\/v2\/pages\/35","targetHints":{"allow":["GET"]}}],"collection":[{"href":"https:\/\/cocukkilidi.net\/index.php?rest_route=\/wp\/v2\/pages"}],"about":[{"href":"https:\/\/cocukkilidi.net\/index.php?rest_route=\/wp\/v2\/types\/page"}],"author":[{"embeddable":true,"href":"https:\/\/cocukkilidi.net\/index.php?rest_route=\/wp\/v2\/users\/1"}],"replies":[{"embeddable":true,"href":"https:\/\/cocukkilidi.net\/index.php?rest_route=%2Fwp%2Fv2%2Fcomments&post=35"}],"version-history":[{"count":9,"href":"https:\/\/cocukkilidi.net\/index.php?rest_route=\/wp\/v2\/pages\/35\/revisions"}],"predecessor-version":[{"id":97,"href":"https:\/\/cocukkilidi.net\/index.php?rest_route=\/wp\/v2\/pages\/35\/revisions\/97"}],"up":[{"embeddable":true,"href":"https:\/\/cocukkilidi.net\/index.php?rest_route=\/wp\/v2\/pages\/23"}],"wp:attachment":[{"href":"https:\/\/cocukkilidi.net\/index.php?rest_route=%2Fwp%2Fv2%2Fmedia&parent=35"}],"curies":[{"name":"wp","href":"https:\/\/api.w.org\/{rel}","templated":true}]}}